e the prime factors of l?
2, 5, 7
Let l be 183*1/2*2/3. Let o = l + -57. List the prime factors of (-2)/o*(-456)/2.
2, 3, 19
Suppose 5*w + 69 = 4*t, -4*t + 111 = t + 2*w. Suppose t*h - 16*h = 500. Let p = 144 - h. List the prime factors of p.
2, 11
Suppose 0 = q + 287 - 323. Suppose -q*w = -41*w + 3670. List the prime factors of w.
2, 367
Let x(s) = -2*s**3 + 100*s**2 - 12*s + 45. Let t be x(50). What are the prime factors of 11 - 12 - t/1?
2, 277
Let i = -5328 + 14121. What are the prime factors of i?
3, 977
Let j(s) = 34*s**2 + 4*s + 4. Let p be j(6). Suppose -4*h + 764 = -p. Suppose -h = -10*x + 3*x. List the prime factors of x.
2, 3
Let f = 217 + -238. What are the prime factors of (3 + -12)/(3/f)?
3, 7
Let w(q) = 2 - 11*q**2 + 39*q**2 - 3*q + q - q. Let x = -58 - -59. What are the prime factors of w(x)?
3
Suppose -708 = -2*y - 5*j, -4*j = -y - 2*j + 345. Let l = y + -163. Let a = l + -100. List the prime factors of a.
2, 43
Let x(p) = -350*p - 1811. What are the prime factors of x(-57)?
11, 17, 97
Let r(b) = 118*b - 139. Let p be r(23). Suppose 46*k - 42*k = -f + 853, -4*k + p = 3*f. List the prime factors of f.
3, 7, 41
Let y(a) = -6*a**3 - 5*a**2 - 9*a - 5. Suppose 0 = -k + 1 - 5. Let l be y(k). List the prime factors of (1 - l/2)*(-46)/69.
3, 37
Suppose i - 20*b + 17*b = 8269, 0 = 5*b - 20. What are the prime factors of i?
7, 13
Let s be 174/4*(-25)/((-50)/116). Let t = 4274 - s. List the prime factors of t.
17, 103
Let x(j) = j**3 - 5*j**2 - 48*j + 6. Let t be x(-5). List the prime factors of t/10 + 1392/5.
2, 139
Let c be (-1902)/(13/(130/(-15))). Let x = -936 + c. What are the prime factors of x?
2, 83
Let t = -20 - -32. Suppose -27*r = -24*r - t. Suppose 7*a - r*a = 102. What are the prime factors of a?
2, 17
Let j(o) = 7*o**2 - 10*o**2 + 5 - 2 - o**3 + 0*o**3 + 4*o. Let p be j(-4). Suppose 218 = p*b - 5*s, -s + 147 = 2*b - 4*s. List the prime factors of b.
3
Let q(d) = 7*d**2 - 2*d + 4. Let h be q(-5). Suppose t - 3*t - 2*a + 18 = 0, -3*a = 2*t - 21. List the prime factors of (h/t)/(-3*3/(-12)).
2, 3, 7
Let j = -1389 + 1879. Suppose d - 53 = -3*d - 3*o, 2*o + 16 = d. Suppose -d*w - j = -19*w. What are the prime factors of w?
2, 7
Suppose 3*t + 5*g + 1789 = 57, 0 = 5*t + 2*g + 2874. Let c = 590 + t. What are the prime factors of c?
2
Suppose -42704 = 25*t - 41*t. Let o = 3870 - t. What are the prime factors of o?
1201
Let w be (18/15)/2*5210. Suppose 0*n + 4666 = 3*g - 4*n, -5*n + w = 2*g. List the prime factors of g.
2, 19, 41
Let t(f) = 11*f**2 - 3*f + 221. What are the prime factors of t(21)?
5009
Suppose -d = 2*p - 2*d - 233, -3*p - d = -337. Suppose -4*k = -50 - p. Suppose -k*a = -45*a + 24. What are the prime factors of a?
2, 3
Let h(a) = -8*a**3 - 11*a**2 + 29*a + 73. What are the prime factors of h(-9)?
7, 97
Let r(v) = -1072*v + 17874. List the prime factors of r(0).
2, 3, 331
Let k = -170 + 343. Let r = 230 - k. What are the prime factors of r?
3, 19
Suppose 32*m - 137706 = 316502. What are the prime factors of m?
2, 47, 151
Suppose -209294 = 16*b - 877534. What are the prime factors of b?
5, 8353
Let h(f) = -7*f + 105. Let b be h(13). List the prime factors of -7563*b/(-273) - (-2)/13.
2, 97
Let u = 8443 + -5097. What are the prime factors of u?
2, 7, 239
Let m be (-404)/(-1) + -13 + 16. Let l = m - -259. List the prime factors of l.
2, 3, 37
Let i = -28 + 33. Suppose 4*z - 2*u - 131 = -i*u, -4*z - 2*u + 134 = 0. Suppose -38*g + 339 = -z*g. What are the prime factors of g?
113
Let u(r) = 262*r**2 + 119*r - 6. List the prime factors of u(6).
2, 3, 5, 13
Suppose -2*w + 239*k + 600 = 242*k, -938 = -3*w + 5*k. List the prime factors of w.
2, 3, 17
Let l = 47 - 42. Suppose l*m + 2*m + m = 0. Suppose -o + 9 + 24 = m. What are the prime factors of o?
3, 11
Let g = -137 + 150. Let w(b) = 2*b**3 - 26*b**2 + 13*b - 37. List the prime factors of w(g).
2, 3, 11
Let f = -167 - -168. What are the prime factors of f/((-2)/(-2012)) - 7?
3, 37
Suppose -3*q = 6*s - 5*s - 13, -4*q + 28 = 4*s. Suppose 2*m + 5*p - 1819 = 0, -1326 = -3*m - q*p + 1407. What are the prime factors of m?
2, 3, 19
Suppose h - 5*f - 10363 = 302, 0 = 5*h - f - 53277. What are the prime factors of h?
5, 2131
Suppose -4*f - 1495 - 4780 = -5*f. List the prime factors of f.
5, 251
Let f(l) = -l**3 + 10*l**2 - 5*l - 21. Let n be f(9). Suppose -10*r - 4565 = -n*r. What are the prime factors of r?
11, 83
Let i = 40 + -65. Let u be (-885)/i + (-2)/5. Suppose -3*g + u = -124. What are the prime factors of g?
53
Suppose 11*i - 2795 = 8227. Suppose -81*q = -87*q + i. List the prime factors of q.
167
Let m(v) = -85 - 15*v + 122 - 7*v. What are the prime factors of m(-10)?
257
Let k = 21380 + -20578. List the prime factors of k.
2, 401
Let q(n) = n**2 + 35*n - 332. Let i be q(-45). Let s = -12 - -25. Let m = s + i. List the prime factors of m.
131
Suppose 4*s = -3*k + 94831, 4*s - k - 99702 + 4843 = 0. What are the prime factors of s?
23, 1031
Let a = 93 + 54. Suppose -5*z - 39 = -4*y + 6*y, 0 = -5*y + 4*z - a. What are the prime factors of (-90)/(-27)*y/(-2)?
3, 5
Let l = 42 + -27. Let k be 12 - 0*3/l. What are the prime factors of 4 + k/(-3) - -57?
3, 19
Let x(l) = 2298*l**2 + 24*l + 33. List the prime factors of x(-2).
3, 7, 19, 23
Let x = -22371 - -46060. List the prime factors of x.
23689
What are the prime factors of 6/(-14) + (-7635240)/(-1169)?
3, 7, 311
Suppose 25 = -2*f + 61. Let u be ((-6)/(f/(-273)))/1. Suppose -c + u = -94. What are the prime factors of c?
5, 37
Let m be (1 - -4)/(180/288). Suppose -m*n + 1490 = -3406. List the prime factors of n.
2, 3, 17
Suppose -4*z + 280139 - 104690 = x, 219306 = 5*z - 4*x. What are the prime factors of z?
2, 7, 13, 241
Suppose -11 = 2*d - 17. Let f(i) = 106*i**2 - 9*i - 4. List the prime factors of f(d).
13, 71
Let v(w) = -14*w + 33 + w**2 - 13 + 3*w. Let t be v(9). Suppose -19 = k - t*k - 5*a, -3*k + a + 57 = 0. What are the prime factors of k?
19
What are the prime factors of ((-112)/14 - -10366) + 8?
2, 71, 73
Let y(t) = -t**3 + 5*t**2 - 5*t + 9. Let j(a) = -4*a**3 + 15*a**2 - 16*a + 27. Let m(h) = 2*j(h) - 7*y(h). List the prime factors of m(-10).
461
Let p(f) = 495*f**3 - 2*f**2 + 7*f - 12. What are the prime factors of p(4)?
2, 1979
Let j(f) = 4*f**2 - 6*f + 6. Let w be j(3). Suppose w*t - 3115 = 17*t. What are the prime factors of t?
5, 89
Let q(j) be the third derivative of -j**6/15 + j**5/20 + 11*j**4/24 + 8*j**3/3 + 107*j**2. List the prime factors of q(-3).
2, 113
Let y(t) = -t**2 - 4*t + 17. Let o be 24/156 - 80/13. Let u be y(o). Suppose 62 - 319 = -3*g - 4*c, -2*c + 405 = u*g. List the prime factors of g.
79
Suppose -2 = 9*c + 7. Let o be 1/4*c + 17/4. Suppose 258 = -o*n + 6*n. List the prime factors of n.
3, 43
Let a(w) = 4*w**2. Let m(u) = 2*u + 27. Let x be m(-14). Let d be a(x). Suppose -28 = -d*n + 56. List the prime factors of n.
3, 7
Let f = -40 - -42. List the prime factors of (-8 + -4 + 0)*(-55)/f.
2, 3, 5, 11
Let t = 23135 - -958. List the prime factors of t.
3, 2677
Suppose 83*m - 5514 = 82*m. List the prime factors of m/15 - (-6)/(-10).
367
Let d = 35175 + 2532. What are the prime factors of d?
3, 12569
Suppose -41*a + 94108 = -214579 - 403852. What are the prime factors of a?
3, 1931
Let c = 21690 + -5855. What are the prime factors of c?
5, 3167
Let l(j) = -16*j**2 + 3*j**3 - 3 + 38 - 2*j**3 - 18*j. List the prime factors of l(17).
2, 3
Suppose 2*k - 12 = 0, 54*k - 56*k = 5*n - 18607. List the prime factors of n.
3719
Let b(k) = -2*k**3 - 4 - 2*k + 5*k + 2*k**3 + k**3 + 5*k**2. Let a be b(-3). Suppose -102 = -a*i + 4*t + 167, 3*t - 12 = 0. What are the prime factors of i?
3, 19
Suppose 995*n - 362768 = 954*n. What are the prime factors of n?
2, 7, 79
Suppose -196385 = 479*u - 510*u. List the prime factors of u.
5, 7, 181
Suppose 0 = q - 31872 + 4419. List the prime factors of q.
3, 9151
Suppose 5*f + 599 = -o, 24*f = 19*f - 25. Let p = o - -805. What are the prime factors of p?
3, 7, 11
Let u(i) = 40*i. Let w be u(5). Suppose 3*o - o = 4*z - w, -z = o - 50. Suppose -3*t - z = -4*t. What are the prime factors of t?
2, 5
Let b = 163 + -157. List the prime factors of ((b/(-6))/1)/((-1)/854).
2, 7, 61
List the prime factors of (-12)/(-48) + (-8 - 337580/(-16)).
7, 23, 131
Let h(u) = -442*u**2 + 76*u